What are the prime factors of u?
2, 7
Let d be -12*(-8)/14*42/(-36). Let q be (-1 - d/7) + 398/7. Suppose -66 - q = -3*o. What are the prime factors of o?
41
Let v(f) = -54*f**3 + 31*f**2 + 158*f + 12. What are the prime factors of v(-7)?
18947
Let l = 3541 + -444. What are the prime factors of l?
19, 163
Let m(n) = -27*n**2 + 26*n - 11. Let s be m(5). Let r = -136 - s. List the prime factors of r.
2, 3, 5, 7
Let u(a) be the first derivative of -a**3/3 - 2*a**2 + 21*a + 18. Let o be u(-6). List the prime factors of 186/o*(-1 + (-1 - -5)).
2, 31
Let j = 2039 - 3561. Let l = -899 - j. List the prime factors of l.
7, 89
Let a(x) = -9*x - 189. List the prime factors of a(-32).
3, 11
Suppose 3*s + 206 + 211 = 0. Let i be (-1 - 0) + (-225 - -1). Let l = s - i. List the prime factors of l.
2, 43
Let b = 1130 - 295. Suppose -22*y = -17*y - b. List the prime factors of y.
167
Let b be -1 - -6 - 0 - -160. Suppose b*o - 158*o = 1897. What are the prime factors of o?
271
List the prime factors of 28/(-77) + 14943348/308.
7, 29, 239
Let k = 62 - 56. Suppose -3*j + 95 = 4*h, 3*h - k*h - 81 = -3*j. Suppose -j*i + 216 = -25*i. What are the prime factors of i?
2, 3
Let y be 9/(-27) + (-62)/3. Let l be (-12)/10*(-490)/y. What are the prime factors of 2 + 42/l + 23/2?
2, 3
Let w(v) = -838*v + 5155. What are the prime factors of w(-36)?
35323
Suppose -2*d - 3*l = 3, 2*d - 2*l + 15 = -l. Let n be 8/32 + d/(-8). What are the prime factors of (n/(-3))/(26/(-1170))?
3, 5
Let d(y) = 6538*y - 3133. What are the prime factors of d(7)?
3, 1579
Let f = 398 - 424. What are the prime factors of 87482/221 + (-4)/f?
2, 3, 11
Let b = 20868 - 12061. List the prime factors of b.
8807
Suppose x = 2*s + 5*x - 26, 2 = 2*s - 4*x. Let o(w) = 92 - 5*w + 45*w**2 - 82 - 43*w**2. What are the prime factors of o(s)?
73
Let n(a) = 22*a - 16. Let u be n(10). Suppose -14*y + u + 6684 = 0. What are the prime factors of y?
2, 3, 41
Let i(n) = -22*n + 3. Let k(u) = 2*u - 2. Let a(l) = -i(l) - 4*k(l). Suppose -5*m + 11 = -4*x - 12, 5*m - 5*x = 20. List the prime factors of a(m).
103
Suppose 0*r - 4*r + 24 = 2*z, 4*z - 32 = -4*r. Suppose 2*y - 416 = -0*y - z*x, 0 = -y + 5*x + 208. List the prime factors of y.
2, 13
Let w(i) = 10*i**2 - 3*i - 55. What are the prime factors of w(11)?
2, 3, 11, 17
Let k(i) = -3*i + 37. Let c be k(11). Suppose 0 = c*y - 1052 - 540. List the prime factors of y.
2, 199
Let b(o) be the second derivative of -o**5/20 + 3*o**4/4 - o**3/3 + 8*o**2 - 8*o. Let g be (-52)/(-7) + (0 - (-12)/21). What are the prime factors of b(g)?
2
Suppose 90*g + 276 = 94*g. Suppose -g*l + 25 = -64*l. Suppose -2*i = -2, -2*i - 3*i = -l*f + 540. List the prime factors of f.
109
Suppose -344*z + 1082605 + 608585 = -59*z. What are the prime factors of z?
2, 3, 23, 43
Suppose -s = 48*j - 45*j - 20805, -5*j - 41522 = -2*s. List the prime factors of s.
3, 2309
Let m(i) = 391*i - 2729. List the prime factors of m(42).
13693
Let c = 364 - 101. Let n = c - 182. Let d = n - 31. List the prime factors of d.
2, 5
Let j be -2*256 + (-10 + 11 - -2). Let l = 524 - j. List the prime factors of l.
1033
Let z be -4*2/(4/(-41)). Let x = -56 + z. Suppose -277 = -r - x. List the prime factors of r.
251
Suppose -3*s - 4*a = -3941, -4*s + 105*a = 109*a - 5260. What are the prime factors of s?
1319
Suppose 0 = 5*t + 154 - 134. Let g(j) = 24*j**2 - 2*j + 2. List the prime factors of g(t).
2, 197
Suppose 0 = -2*b + b - 5, -b - 13097 = -2*c. List the prime factors of c.
2, 3, 1091
Let g be (378/(-168))/(2/8). List the prime factors of 54/g - (-3 - (4 + 516)).
11, 47
Let l be ((-1)/(-1) + -1)/(-4 + 3). List the prime factors of (-12)/(-33)*11 - (l - 1173).
11, 107
Let o = -4435 - -6189. What are the prime factors of o?
2, 877
What are the prime factors of (-35224994)/(-869) + (-3)/33?
5, 11, 67
Let v = 404 - -1205. What are the prime factors of v?
1609
Let p = 121 - 141. List the prime factors of (-7895)/p + 2/8.
5, 79
Suppose 6*g = -3*g + 63. Suppose g*w - 3*w = -12. What are the prime factors of ((-1200)/(-8))/(w/(-2))?
2, 5
Suppose -a = 4, 0 = -15*v + 17*v + 2*a - 21452. List the prime factors of v.
2, 5, 29, 37
Suppose -3*m = -6*m + 201. Let w = -63 + m. Suppose -2*c = w*q - 396, 4*q + c - 382 = 6*c. List the prime factors of q.
2, 7
Let v be ((-7)/(-3))/(5*(-6)/(-5580)). Let t = -53 + v. What are the prime factors of t?
3, 127
Let v(o) be the first derivative of o**6/360 - o**5/120 - 3*o**4/4 + 2*o**3/3 + 13. Let z(y) be the third derivative of v(y). List the prime factors of z(10).
2, 3
Suppose 0 = 48*b - 46*b - 6*o - 41402, 0 = 2*b + 3*o - 41465. What are the prime factors of b?
2, 13, 797
Let s(a) = 2578*a - 1854. What are the prime factors of s(4)?
2, 4229
Suppose -2*y + 1 + 6 = 3*h, 2*y = 5*h + 15. Suppose -5*o + 4*t = -2*o - 88, -t = y*o - 116. Suppose 0 = 23*l - o*l + 15. What are the prime factors of l?
3, 5
Let z = -351 + 76. Let l = 66 - z. List the prime factors of l.
11, 31
Suppose 672 = 3*k - 3*n, 0 = 5*k - 9*n + 12*n - 1136. Suppose -3*u - k = 2*y - 602, -752 = -4*y - 2*u. List the prime factors of y.
2, 47
Suppose -2*m + 2*t = -57226, -3*m - 214*t + 85821 = -211*t. What are the prime factors of m?
2, 5, 2861
Suppose 11*x = 13*x - 2972. Suppose f = -2*w - 0*w + x, -w = -4*f - 743. List the prime factors of w.
743
Let x be (-2074)/(-119) - 6/14. Suppose -x*f - 2192 = -10097. List the prime factors of f.
3, 5, 31
Suppose -24*u + 227336 + 113721 = -86647. List the prime factors of u.
71, 251
Suppose 5*s - 19 = -3*u, 0 = 4*u - 5*u + 2*s - 12. List the prime factors of ((-513)/(-6))/(u/(-4)).
3, 19
Suppose 0 = w - 2714 - 3637. What are the prime factors of w?
3, 29, 73
Suppose 2*m + 66 = 2*n - 0*n, 0 = -3*n - 2*m + 94. Suppose -2926 = 13*l - n*l. List the prime factors of l.
2, 7, 11
Let m = 4296 + -3191. What are the prime factors of m?
5, 13, 17
Let r(b) = b**2 + b + 1. Let p(x) = -2*x**2 + 22*x + 67. Let f(i) = p(i) + 3*r(i). What are the prime factors of f(21)?
2, 7, 37
Let x = 5 - 15. Let u(q) = -11*q**3 + 4*q**2 + 8*q - 3. Let d(l) = -13*l**3 + 3*l**2 + 9*l - 3. Let i(b) = 6*d(b) - 7*u(b). What are the prime factors of i(x)?
23
Suppose 2*a - 2*n - 21392 = 0, 20*n = 24*n + 24. What are the prime factors of a?
2, 5, 1069
Let s = 122 - -338. What are the prime factors of -3*1 + (s - 6)/2?
2, 7
Let x(z) = 3*z**3 + 44*z**2 - 226*z + 2. List the prime factors of x(6).
2, 439
Let b be (-16 + (-572)/(-33))*(-129)/(-2). What are the prime factors of 1405*(b/(-40) + 2)*-8?
2, 3, 281
List the prime factors of 26*(4 - (-64)/(-20))/((-2)/(-835)).
2, 13, 167
Let w = -1798 + 5838. What are the prime factors of w?
2, 5, 101
Let z be 26/130 + (-24998)/(-10). Suppose 7*y = 12*y - z. What are the prime factors of y?
2, 5
Suppose 3*l = -2*y + y + 6920, 5*y - l = 34616. What are the prime factors of y?
7, 23, 43
What are the prime factors of 25/((-200)/(-37752)) - -7?
2, 17, 139
List the prime factors of 2 + 13259/2 - 4*39/104.
2, 3, 5, 13, 17
Let v(f) = -13*f + 26. Let z be v(9). Let i = z + 77. What are the prime factors of 3/7 - 386*8/i?
13, 17
Let o(w) = w**3 - 94*w**2 - 711*w + 321. List the prime factors of o(104).
34537
Suppose 3*w - 4*m = 40, 1 = w + 3*m + 5. Suppose 0 = 3*x - w*x + 20. Suppose 0*v = x*v - 252. What are the prime factors of v?
3, 7
List the prime factors of ((-4)/1 - -9) + (-7)/2*-3126.
2, 13, 421
Suppose 5*g + y = 795, 3*g = -5*y + 4*y + 477. Suppose 100 - 510 = -5*v. Let u = g - v. List the prime factors of u.
7, 11
Let j(a) = -2*a - 175. Let g(n) = 6*n + 520. Let w(r) = 6*g(r) + 17*j(r). Suppose 8*t = 3*t. What are the prime factors of w(t)?
5, 29
Let u(k) = -284*k**3 + 3*k**2 - 9*k - 5. Let q(o) = -o - 1. Let f(j) = 6*q(j) - u(j). List the prime factors of f(1).
283
Let u be (13/(-13))/(-2 + (-202)/(-102)). Suppose -u = 3*q - 6*q. Suppose 23*k = q*k + 594. What are the prime factors of k?
3, 11
Let p(o) = -3*o**2 + 56*o + 23. Let i be p(19). Suppose i*h = 5*z + 3788, h + z = -4*z + 947. List the prime factors of h.
947
Let p = 5 - -3. Suppose 3*z - 1 = 6*m - 5*m, 0 = z - 2*m + p. Suppose -z = 2*l - 28. What are the prime factors of l?
13
Suppose 5*d = 2*d + 12. Suppose 0 = -10*g + 22*g - 1212. List the prime factors of g + (d - -1) + -9.
97
Let t(w) be the second derivative of 361*w**4/12